6 = -2*p - 4. Suppose 11 = 4*y + 3. Suppose 2*a - 36 = 2*u, u - y*u = 3*a - 46. What is the remainder when a is divided by r?
4
Let m = -114 + 152. Calculate the remainder when 151 is divided by m.
37
Suppose -2*x + 29 = -5. Let w be (-4)/(2/(-1)) + -6. Calculate the remainder when 50 - (w/2)/(-2) is divided by x.
15
Suppose -2*d = -4*d + 2. Suppose -2*k + 5*j = -7*k + 10, -2*k - 4*j = 2. What is the remainder when (-3)/3 + (10 - d) is divided by k?
3
Let k(o) = 8*o - 29. What is the remainder when k(5) is divided by 7?
4
Let m be ((-6)/15)/(3/1005). Let u = -78 - m. What is the remainder when u is divided by 29?
27
Let i(t) = t**2 - 17*t + 25. Let c(r) = 10*r - 4. Calculate the remainder when c(3) is divided by i(16).
8
Let y(s) = -s**2 + 11*s - 7. Let j be y(10). Suppose -2*p = -7 - j. Calculate the remainder when 9 is divided by p.
4
Suppose -150 = 5*r - k, 3*r + 126 = 2*k + 36. Let s = r + 52. Calculate the remainder when 42 is divided by s.
20
Suppose 2*i + 27 = 6*i + 3*v, 3*i = v + 4. Calculate the remainder when 8 is divided by i.
2
Suppose 4*z - b = 25, -z = 3*b + b + 15. Let v = -4 + 5. Let q = z - v. Calculate the remainder when q is divided by 3.
1
Let w = -6 - -10. Suppose -24 - 8 = -w*f. What is the remainder when f is divided by 5?
3
Calculate the remainder when 11 is divided by 11 - (2 - (-3 + 2)).
3
Calculate the remainder when 3/6 - (-166)/4 is divided by 429/(-52)*8/(-6).
9
Suppose -k = 2*k - 501. Let j = 270 - 153. Let l = k - j. What is the remainder when l is divided by 13?
11
Suppose -b - 11*b + 168 = 0. Calculate the remainder when b is divided by 5.
4
Suppose p - 49 = 3*i, 0*i = -5*p + i + 217. Calculate the remainder when p is divided by 15.
13
Let m(i) = i**2 - 7*i + 10. Let f be m(8). Let j = 13 - f. Let r = 16 + j. Calculate the remainder when r is divided by 6.
5
Suppose g + g = 4. Suppose -3*h - g*h = 70. Let v = h + 33. Calculate the remainder when v is divided by 5.
4
Let g(y) = y**3 + 15*y**2 + 17*y - 19. Calculate the remainder when g(-13) is divided by 34.
30
Suppose 25 - 85 = -4*s. Suppose 0 = -6*k + 142 + 26. What is the remainder when k is divided by s?
13
Suppose -2*t + 13 = 3*h - 4, 3*t + h - 22 = 0. Let i(y) = -y**3 - 3*y**2 + 5*y + 6. Let x be i(-4). Calculate the remainder when (x/5)/(t/560) is divided by 11.
10
Suppose 3*b - j = -b + 338, 4*b = -4*j + 348. Suppose -3*v - g = -117, -2*g + 111 = 5*v - b. What is the remainder when v is divided by 20?
18
Let a(o) = o**3 + 16*o**2 - 22*o - 4. What is the remainder when a(-17) is divided by 21?
18
Let s = -104 - -73. Let j = s + 54. Calculate the remainder when (67/(-2))/((-4)/8) is divided by j.
21
Let k(q) = -17*q**3 - q**2 + q + 2. What is the remainder when 67 is divided by k(-1)?
16
Suppose m - 2 - 27 = 0. Calculate the remainder when 84 is divided by m.
26
Let u be 4/2 + (10 - 3). Let b(f) be the third derivative of f**6/120 - 3*f**5/20 + f**4/8 + f**3/2 + f**2. Calculate the remainder when b(u) is divided by 16.
14
Let l be (-12)/((-2)/(-3)*-3). Suppose -n - l = -3*n. What is the remainder when 7 is divided by n?
1
Calculate the remainder when 80/2 - ((-18)/6 + 2) is divided by 15.
11
Suppose 9*w = 4*w + 15. Let k = -10 - -4. Calculate the remainder when 22 is divided by 2/k + 37/w.
10
Suppose -4*p + d + 84 = 0, 5*p - 96 = p - 2*d. Suppose -u + p = -6. Suppose 24 + u = 4*r. What is the remainder when 24 is divided by r?
11
Let h(v) be the first derivative of v**4/4 - 5*v**3/3 + 2*v**2 - 2*v + 2. Let u be h(4). Calculate the remainder when 26 is divided by (-14)/(u*3/6).
12
Suppose -200 = -9*g + 4*g. Suppose 13 = 3*q - 41. Let b = -4 + q. What is the remainder when g is divided by b?
12
Let o(w) = -w + 8. Let l = 16 + -10. Let a be o(l). Let m = 10 + a. Calculate the remainder when 21 is divided by m.
9
Calculate the remainder when ((-68)/2)/((-36)/306) is divided by 58.
57
Let p(v) = -4*v - 1. Suppose 3*j - 51 = 5*f, 2*f = 4*j - 8 - 46. Calculate the remainder when p(-6) is divided by j.
11
Let h be -3 - (4/1)/(-2). What is the remainder when 3 is divided by 0/(-2) - -1 - h?
1
Suppose 4*h = 4*z + 68, 5*z - 27 = -4*h + 5. Suppose -y - 2 = -7. Let k(w) = -w**3 + 4*w**2 + 5*w + 7. Calculate the remainder when h is divided by k(y).
6
Let p(u) = -u**2 - 4*u - 2. Let i be p(-4). Let l be (-4)/(4/(-35)) + i. Suppose -o + l = -24. Calculate the remainder when o is divided by 20.
17
Let r(y) = y**3 - y**2 - y - 4*y**3 + 2*y**3 - 1 + 4*y. What is the remainder when 30 is divided by r(-3)?
6
Let w(t) = -t - 7. Let d be w(-8). Let q be 1/(-2)*-2*d. Suppose -2*u - q + 5 = 0. What is the remainder when 4 is divided by u?
0
Let d = -64 - -96. Let x = -17 + d. What is the remainder when 72 is divided by x?
12
What is the remainder when ((-1)/3)/(1/(-132)) is divided by 17?
10
Suppose u + u = 0. Suppose m - 38 = -u*m. What is the remainder when m is divided by 13?
12
Let j be 2*(-3)/(9/(-6)). Suppose 5 = -j*r + 17. What is the remainder when 5 is divided by r?
2
Let t(x) = -x**3 + 8*x**2 + x - 6. Let y be t(8). Suppose -3*u = y*u - 10. Suppose u*a + 4 = 22. Calculate the remainder when 17 is divided by a.
8
Suppose 2*a - 12 = 4*n, 0*n = -n + 4*a + 4. Let d be n/(-14) - (-220)/14. What is the remainder when 23 is divided by (d/3)/(2/3)?
7
Let s = -8 + 20. What is the remainder when 19 is divided by s?
7
Suppose p - 12 = -2*s + 2, 0 = -4*p. Let a = 0 - -2. Suppose -9 = -a*l + 17. What is the remainder when l is divided by s?
6
Suppose -5*j = 8 - 53. What is the remainder when 52 is divided by j?
7
Suppose -4*a + 304 = -4*y, 2*a + 0*a - 5*y = 149. What is the remainder when a is divided by 20?
17
Suppose -2*h - h = -27. Let y = 24 - h. What is the remainder when y is divided by 6?
3
Suppose -d + 3*u = 5*u - 2, 3*d + 2*u - 10 = 0. What is the remainder when 25 is divided by d?
1
Let d = -40 + 56. Calculate the remainder when d is divided by 6.
4
Suppose d = 2*o - 10, -3*o - 4 = 4*d - 2*o. Calculate the remainder when (-65)/d*(-1 + 3) is divided by 22.
21
Let x be 3/(-12) + 27/12. Suppose 0*d = x*d + 2. What is the remainder when 35 is divided by d/((-1)/(-18)*-2)?
8
Let q(n) = 3*n**3 + 5*n - n**2 + 5 - 2 - 8*n. What is the remainder when q(2) is divided by 9?
8
Let n = 60 + -38. Let x(v) = -v**2 - 9*v. What is the remainder when n is divided by x(-8)?
6
Let o = 6 + -8. Let s be (o - (0 - 0)) + -1. Let k = 15 - s. What is the remainder when k is divided by 10?
8
Let i = -12 - -16. Suppose -3*a = -i*a + 26. Calculate the remainder when 101 is divided by a.
23
Suppose 3*x - u = -21, -5*x - 27 = -2*u + 3*u. Let z = 1 - x. What is the remainder when (26/(-8))/((-1)/4) is divided by z?
6
Let k = 1 - -10. Suppose -5*d + v = k, 3*d = -5*v - 2 + 1. Calculate the remainder when (5/2)/((-1)/d) is divided by 2.
1
Let a(o) = -o**3 - 2*o. Let m be a(2). Suppose 11 = -4*d - 1. Calculate the remainder when d/(-1)*(-80)/m is divided by 11.
9
Let w(t) = t**3 - 6*t**2 + 5*t + 5. Let u(d) = -d**2 + 2. Let l be u(0). Suppose 0*f + f - l = 0. What is the remainder when w(5) is divided by f?
1
Calculate the remainder when (-1 + 0)/((-2)/38) is divided by (4/5)/(4/50).
9
Calculate the remainder when (-19)/(4 - (-18)/(-4)) is divided by 13.
12
Let y = -6 - -14. Suppose -292 = -2*g - 2*g. Let k = -50 + g. What is the remainder when k is divided by y?
7
Let g(w) = w**3 - 2*w**2 - 2*w + 2. Let d(y) = -y**3 + y**2 + y - 1. Let u(n) = -6*d(n) - 3*g(n). Calculate the remainder when u(1) is divided by 2.
1
Suppose -10 = -b - 4*b. Suppose 3*w + b*w - 50 = 0. Calculate the remainder when 27 is divided by w.
7
Suppose 0*x - 4 = -4*x. Suppose -2 + 18 = 3*v + h, -5*v + 5*h = 0. Suppose v = -5*w - 11, 2*w = u - 7. What is the remainder when x is divided by u?
0
Suppose -5*t = -2*t - 63. Calculate the remainder when t is divided by 11.
10
Let n(a) = -a + 6. What is the remainder when 22 is divided by n(-6)?
10
Calculate the remainder when 4 is divided by (-114)/(-54) + 1/(-9).
0
Suppose -305 = n - 6*n. Calculate the remainder when n is divided by 11.
6
Let m(k) = 2*k**3 + k**2 - 5*k + 3. What is the remainder when m(2) is divided by 9?
4
Let y = -42 - -67. Let u(k) = -k**3 - k**2 - 2*k + 1. Let s be (-1)/(((-3)/2)/(-3)). Calculate the remainder when y is divided by u(s).
7
Let h(t) be the first derivat